*2 + 5*i - 3. Determine j(c).
-9
Let j(w) = w**2 - 7*w + 9. Let q be (-9 - -3) + 0/(-4). Let r = 10 + q. Suppose 0 = z - 0*z - 5*d + 4, r*d = -4*z + 32. Determine j(z).
3
Let w(c) = 34*c**2 + 11*c**3 - 31*c + 14*c**3 - 54 + 10*c**3 - 16 - 36*c**3. Determine w(33).
-4
Suppose 4*l - 5*h = -7, 3*l - 3*h + 2 + 4 = 0. Let q(d) = -4*d + 5*d + 8454 - 8453. What is q(l)?
-2
Suppose -2*v + 10*a = 12*a - 10, 4*v - 5*a - 20 = 0. Let j be (4 - v)*((-6)/(-3))/(-2). Let x(z) = -16*z**2 + 2*z - 1. Give x(j).
-15
Let v(a) = 2*a - 3. Let c = 414 + -227. Let f = c + -183. Calculate v(f).
5
Let w(p) = -2*p**3 - p - 1. Let g = -3442 + 3440. Determine w(g).
17
Let x(c) be the second derivative of c**5/20 - c**4/4 - 3*c**3/2 + 5*c**2/2 + 37*c + 4. Calculate x(-3).
-22
Suppose 3*s - 7*s - 221 = -3*b, -3 = 3*b. Let a be (-20)/(-14) - (-4)/(s/6). Let z(g) = -14*g. Determine z(a).
-14
Let s(q) = -q**3 - 8*q**2 + 6*q + 51. Let f = -17325 - -17317. Determine s(f).
3
Let g(f) = 10*f**2 + 40*f + 31. Let r(o) = -7*o**2 - 27*o - 21. Let p(q) = -5*g(q) - 7*r(q). Let x = 40 + -42. Let m be -4 - (x - -7)*1. What is p(m)?
10
Let w(p) = -17*p**2 + p. Suppose 108*m - 105*m = g + 7, -6 = 4*g - m. Determine w(g).
-18
Let d(g) = 211 - 2*g - 260 + g**2 + 4*g - 3*g. Let s be d(-7). Let t(b) = -b - 7. Determine t(s).
-14
Let g(k) be the first derivative of 2*k**2 + k**3 + 43 - 1/2*k**4 - 3*k. Suppose 0 = -5*y - 20, 3*y - 4*y + 5 = 3*q. What is g(q)?
-18
Suppose 37 = -3*v + 4*z, 42 = -4*v + 6*z - 8*z. Let a(h) be the first derivative of 16*h + 1/2*h**2 - 4. Calculate a(v).
5
Let h(y) be the second derivative of y**4/12 - y**3/3 + 5*y**2/2 + 16*y. Let p = -3517 - -3522. Determine h(p).
20
Let n(q) = -2*q**3 + 2*q**2 + 20*q - 16. Let w(y) = -5*y**3 + 3*y**2 + 49*y - 30. Let p(g) = 7*n(g) - 3*w(g). Determine p(-6).
-16
Let i(k) be the third derivative of k**5/120 - 7*k**4/24 + 85*k**3/6 - 18*k**2 - 2*k. Let p(x) be the first derivative of i(x). Calculate p(7).
0
Let b(k) = -13*k + 2. Let o(i) = 5*i + 0 + 21 - 23. Let j(g) = 2*b(g) + 5*o(g). Calculate j(7).
-13
Let n(r) be the third derivative of 0*r**3 + 0*r + 0*r**5 - 7*r**2 - 1/24*r**4 - 1/120*r**6 + 7. Calculate n(1).
-2
Let q(y) = -10*y - 3069 - 4*y + 3130. Determine q(5).
-9
Let g(n) be the second derivative of -1/20*n**5 + 1/3*n**4 + 0 + 2*n**2 + 1/3*n**3 + 6*n. Let o = 76 - 72. Give g(o).
12
Let k be (-6867)/(-81) - 4 - 6/(-27). Suppose 0 = -8*w - 19*w + k. Let x(b) = -5*b + 2. Calculate x(w).
-13
Let p(v) be the third derivative of 0*v + 0*v**4 - 2/3*v**3 - 1/30*v**5 + 189*v**2 + 0. Calculate p(-3).
-22
Let n = -44 + 47. Suppose -3*i + 7 = -h - 10, 3*h = -3*i - n. Let w(z) = -z + z + i*z + 4*z. Give w(-1).
-8
Let y(d) = d**3 - 4*d**2 - 2*d + 2. Suppose 15*z - 1431 + 246 = 0. Let w be (-54)/(-11) - z/(-869). Determine y(w).
17
Let q(s) = s**2 + 3*s - 4. Let h(v) = -4*v**3 + 13*v**2 + 11*v - 22. Let c(a) = -h(a) + 6*q(a). What is c(2)?
16
Let l(p) be the third derivative of -p**6/120 + 4*p**5/15 + 7*p**4/12 + 3*p**3 + 87*p**2 + 2*p. Determine l(17).
-33
Let z(q) = q - 3. Let i be ((-512)/16 - -24) + 26/1. Determine z(i).
15
Suppose -19 = -4*z + 9. Let b = z - 10. Let y(j) = 3 - 1952*j - 1 - 1961*j + 7820*j - 1955*j - 1953*j. Give y(b).
5
Let t(h) = 3*h**2 - 59*h - 10. Let m = 2977 + -2957. Determine t(m).
10
Let z(i) be the third derivative of -i**5/60 - i**4/6 - i**3 + 5*i**2. Let n be (16/(-6))/(32/48). What is z(n)?
-6
Let p(w) = -2*w + 4 - 3 + 0. Let z(t) = -68*t + 1016. Let s be z(15). Let b(g) = 12*g - 1. Let c(a) = s*p(a) - b(a). Calculate c(-3).
9
Let d = 25 - 27. Let w = 5 + -2. Let n(p) = p**w - p**2 - 2*p + p + 1 + 5*p**2. What is n(d)?
11
Let i be -6*(-4 + 35) + -7. Let d = i - -187. Let u(q) = -q**3 - 5*q**2 + 4*q - 7. Give u(d).
5
Suppose -18 = 5*u - 53. Let c(f) = -30 - f + 33 + u*f. Calculate c(-4).
-21
Suppose -5*w = -25, -35*g = -34*g + w - 5. Let t(i) be the third derivative of 13*i**2 - 3/2*i**3 + 1/24*i**4 + g*i + 0. Calculate t(7).
-2
Let a(q) = -2*q + 1. Let z(s) = 11*s - 1. Let w(m) = 11*m - 2. Let p(f) = -2*w(f) + 3*z(f). Let l(n) = -10*a(n) - 2*p(n). Determine l(-10).
8
Let w(f) = 7*f + 70. Let k be w(-8). Suppose 0 = 2*m - 10. Suppose 2*y + k = 4*q + 4*y, -m*q = 2*y - 18. Let a(t) = -t - 1. Calculate a(q).
-5
Let l(x) = -x**2 + 9*x - 9. Let k(m) be the second derivative of -m**4/12 + 5*m**3/3 - 4*m**2 - m. Let j be -4*(-2 - (4 + -7 + 3)). Let d be k(j). Give l(d).
-1
Let q = -2579 + 2585. Let f(y) = -6*y**2 + 37*y - 6. What is f(q)?
0
Let i(u) = u**3 + 0*u**2 - 2 - 3*u**2 + 13*u - 5*u**2. Let b(d) = d**3 - 13*d**2 - 305*d + 2435. Let x be b(7). What is i(x)?
4
Let s be 4 + (-16)/40*(-11 + 6). Let q(d) = d - 2. What is q(s)?
4
Let b(o) = -15*o - 539. Let p(a) = 7*a + 247. Let z(r) = 6*b(r) + 13*p(r). Give z(-10).
-33
Let h(f) = -170*f + 240*f - 1 - 10*f**2 + 8. Let a be h(7). Let y(v) = 2*v + 3. Give y(a).
17
Let r(q) be the first derivative of -302*q + 150*q + 147*q - q**2 - 47. Give r(-6).
7
Let q(c) be the first derivative of 1/3*c**3 + 2*c**2 + 2*c + 2. Suppose 5*i + 138*v - 133*v - 5 = 0, -5*i - 2*v = 4. What is q(i)?
-2
Let p be (12/(-3)*-1)/2. Let l be 6 + ((-3)/(-2))/((-1)/p). Let v(r) = -8 + l + r - 6 + r. What is v(8)?
5
Let j = 10 - -16. Suppose -3*y + 16 = 2*x, -4*x = -0*x + 3*y - j. Suppose x*c = -5*r - 15, 2*c - c - 13 = r. Let q(a) = a**2 + 7*a - 3. What is q(r)?
5
Suppose 0 = -3*f + 2*f + 4. Suppose 5*m = -2*d + f*m + 40, -m = -4. Let b(c) = c**2 - 19*c + 20. Give b(d).
2
Let u(h) = 2*h + 9. Let s = -201 - -253. Suppose s*x - 53*x = 0. What is u(x)?
9
Let a(c) = 21*c - 101. Suppose -52 = -10*i - 2*y, -i + 2*y = -2*i + 7. Determine a(i).
4
Let v(g) = -81*g + 17. Let n(z) = -86*z + 20. Let q(x) = -5*n(x) + 6*v(x). What is q(-1)?
58
Let m be 2 - (-5)/(10/18). Let k(f) = 35 - 42 + m + f**3. Calculate k(0).
4
Let s(i) be the third derivative of -i**5/60 + 5*i**4/12 + i**3/6 + 5166*i**2. What is s(11)?
-10
Let i(c) = 2*c**3 + 2*c + 27. Let o(n) = -72*n + 4680. Let q be o(65). Give i(q).
27
Let p(i) = i**2 - 34*i + 241. Let n be p(11). Let a(t) = -6*t - 46. Determine a(n).
26
Let k(m) = -46*m**2 - 10*m - 3. Let h(s) = 85*s**2 + 17*s + 5. Let t(q) = -4*h(q) - 7*k(q). Calculate t(1).
-15
Let u(b) = -b - 2. Let j be 8/4 + 5/(-10)*2. Let x(t) = 2. Let d(f) = j*u(f) + 2*x(f). Let r = -20 + 17. Determine d(r).
5
Let l(s) be the second derivative of -5*s**4/12 + s**3 - 11*s**2/2 - 1285*s. Calculate l(3).
-38
Let x(k) = -2*k + 24. Suppose -10*b + 86 = -14. Suppose b = 3*c - 20. Calculate x(c).
4
Let t(v) be the third derivative of -v**6/120 - v**5/15 + v**4/24 + 4*v**3/3 - 45*v**2 - 3. Determine t(-5).
28
Let x(b) be the third derivative of b**7/2520 - b**6/240 - 11*b**5/120 + b**4/3 - b**3 + 81*b**2. Let p(o) be the second derivative of x(o). Calculate p(6).
7
Let i be 1180/380 - (0 + (-2)/(-19)). Let d be -2 + 1/1 + 4. Let v(h) = 2 + h**2 + 2*h**3 - d*h**3 + 0*h**2. Determine v(i).
-16
Let r(u) = -11*u**3 + 29*u**2 - 24*u + 39. Let o(p) = -23*p**2 + 4*p**2 + 7*p**3 + 7*p - 32 + 9*p + 26 - 20. Let k(z) = -8*o(z) - 5*r(z). What is k(6)?
1
Let o(k) = -2*k**2 - 5*k - 1. Let t(s) = -s**2 - s + 1. Let r(x) = o(x) - 3*t(x). Let b = -543 + 547. What is r(b)?
4
Let p(k) = k**2 - 4*k - 10. Suppose -2*y + 3*n - 282 + 308 = 0, -3*y + n + 25 = 0. Give p(y).
11
Let x(i) = 9589 + 23*i - 9605 - 7*i - 8*i. Give x(9).
56
Suppose 3*y - y = -98. Let b = 52 + y. Let q(k) = 25*k + k**2 + 0 - 47*k + 29*k + b. Calculate q(-6).
-3
Let x(u) = u**3 + 13*u**2 - 3*u + 17. Let d = -10860 - -10846. Give x(d).
-137
Let i(k) = k**3 + 5*k**2 + 3. Let b be ((-936)/90)/(4/(-10)). Suppose b*o - 75 = 41*o. What is i(o)?
3
Let r be 2/(4/(-6)*9/(-6)). Let h(d) = 3 + 1 - 3*d**3 + 6*d**r + 2*d**3 - d + d**2. Determine h(7).
-3
Let y(s) = -s**2 - 5*s - 5. Let x be 516/(-10) + 8/(-20). Suppose -45 = q - 3*b, 3*q + 5*b + 83 + 66 = 0. Let r = x - q. Give y(r).
-1
Suppose 620 = 74*a - 934. Let f(s) = s**3 - 24*s**2 + 63*s + 4. Give f(a).
4
Suppose 138*r - 8 = -10 + 2. Let a(w) = 2*w + w + 7 - 4*w + 2*w. What is a(r)?
7
Suppose -3*w = -5*w - 4. Let n(u) be the first derivative of u**3/3 - 6001. What is n(w)?
4
Let t(m) = -47*m - 1173. Let c be t(-25). Let h(q) be the second derivative of 0 + 5/2*q**c - 1/6*q**3 - 15*q. What is h(4)?
1
Let y(a) = -a